{"id":513,"date":"2021-02-27T19:50:55","date_gmt":"2021-02-27T19:50:55","guid":{"rendered":"http:\/\/localhost\/wordpress\/wordpress\/?page_id=40"},"modified":"2025-11-13T01:13:00","modified_gmt":"2025-11-13T00:13:00","slug":"sobre-nosotros","status":"publish","type":"page","link":"https:\/\/disfranmoreno.com\/?page_id=513","title":{"rendered":"Sobre nosotros"},"content":{"rendered":"<div data-colibri-id=\"513-c1\" class=\"style-283 style-local-513-c1 position-relative\">\n  <!---->\n  <div data-colibri-component=\"section\" data-colibri-id=\"513-c2\" id=\"overlappable\" class=\"h-section h-section-global-spacing d-flex align-items-lg-center align-items-md-center align-items-center style-284 style-local-513-c2 position-relative\">\n    <!---->\n    <!---->\n    <div class=\"h-section-grid-container h-section-boxed-container\">\n      <!---->\n      <div data-colibri-id=\"513-c3\" class=\"h-row-container gutters-row-lg-2 gutters-row-md-2 gutters-row-0 gutters-row-v-lg-2 gutters-row-v-md-2 gutters-row-v-2 style-292 style-local-513-c3 position-relative\">\n        <!---->\n        <div class=\"h-row justify-content-lg-center justify-content-md-center justify-content-center align-items-lg-stretch align-items-md-stretch align-items-stretch gutters-col-lg-2 gutters-col-md-2 gutters-col-0 gutters-col-v-lg-2 gutters-col-v-md-2 gutters-col-v-2\">\n          <!---->\n          <div class=\"h-column h-column-container d-flex h-col-lg-6 h-col-md-6 h-col-12 style-293-outer style-local-513-c4-outer\">\n            <div data-colibri-id=\"513-c4\" class=\"d-flex h-flex-basis h-column__inner h-ui-empty-state-container h-px-lg-2 h-px-md-2 h-px-2 v-inner-lg-2 v-inner-md-2 v-inner-2 style-293 style-local-513-c4 position-relative\">\n              <!---->\n              <!---->\n              <div class=\"w-100 h-y-container h-column__content h-column__v-align flex-basis-100\">\n                <!---->\n              <\/div>\n            <\/div>\n          <\/div>\n          <div class=\"h-column h-column-container d-flex h-col-lg-6 h-col-md-6 h-col-12 style-294-outer style-local-513-c5-outer\">\n            <div data-colibri-id=\"513-c5\" class=\"d-flex h-flex-basis h-column__inner h-ui-empty-state-container h-px-lg-2 h-px-md-2 h-px-2 v-inner-lg-2 v-inner-md-2 v-inner-2 style-294 style-local-513-c5 position-relative\">\n              <!---->\n              <!---->\n              <div class=\"w-100 h-y-container h-column__content h-column__v-align flex-basis-100\">\n                <!---->\n              <\/div>\n            <\/div>\n          <\/div>\n        <\/div>\n      <\/div>\n      <div data-colibri-id=\"513-c6\" class=\"h-row-container gutters-row-lg-2 gutters-row-md-2 gutters-row-0 gutters-row-v-lg-2 gutters-row-v-md-2 gutters-row-v-2 style-285 style-local-513-c6 position-relative\">\n        <!---->\n        <div class=\"h-row justify-content-lg-center justify-content-md-center justify-content-center align-items-lg-stretch align-items-md-stretch align-items-stretch gutters-col-lg-2 gutters-col-md-2 gutters-col-0 gutters-col-v-lg-2 gutters-col-v-md-2 gutters-col-v-2\">\n          <!---->\n          <div class=\"h-column h-column-container d-flex h-col-lg-6 h-col-md-6 h-col-12 style-286-outer style-local-513-c7-outer\">\n            <div data-colibri-id=\"513-c7\" class=\"d-flex h-flex-basis h-column__inner h-px-lg-2 h-px-md-2 h-px-2 v-inner-lg-2 v-inner-md-2 v-inner-2 style-286 style-local-513-c7 position-relative\">\n              <!---->\n              <!---->\n              <div class=\"w-100 h-y-container h-column__content h-column__v-align flex-basis-100 align-self-lg-start align-self-md-start align-self-start\">\n                <!---->\n                <div data-colibri-id=\"513-c8\" class=\"h-icon style-287 style-local-513-c8 position-relative h-element\">\n                  <!----><span class=\"h-svg-icon h-icon__icon style-287-icon style-local-513-c8-icon\"><!--Icon by Font Awesome (https:\/\/fontawesome.com)-->\n    <svg version=\"1.1\" xmlns=\"http:\/\/www.w3.org\/2000\/svg\" xmlns:xlink=\"http:\/\/www.w3.org\/1999\/xlink\" id=\"road\" viewBox=\"0 0 1920 1896.0833\">\n      <path d=\"M1111 996v-4l-24-320q-1-13-11-22.5t-23-9.5H867q-13 0-23 9.5T833 672l-24 320v4q-1 12 8 20t21 8h244q12 0 21-8t8-20zm759 467q0 73-46 73h-704q13 0 22-9.5t8-22.5l-20-256q-1-13-11-22.5t-23-9.5H824q-13 0-23 9.5t-11 22.5l-20 256q-1 13 8 22.5t22 9.5H96q-46 0-46-73 0-54 26-116L493 303q8-19 26-33t38-14h339q-13 0-23 9.5T862 288l-15 192q-1 14 8 23t22 9h166q13 0 22-9t8-23l-15-192q-1-13-11-22.5t-23-9.5h339q20 0 38 14t26 33l417 1044q26 62 26 116z\"><\/path>\n    <\/svg><\/span><\/div>\n                <div data-colibri-id=\"513-c9\" class=\"h-global-transition-all h-heading style-288 style-local-513-c9 position-relative h-element\">\n                  <!---->\n                  <div class=\"h-heading__outer style-288 style-local-513-c9\">\n                    <!---->\n                    <!---->\n                    <h1 class=\"\">Trayectoria<\/h1>\n                  <\/div>\n                <\/div>\n                <div data-colibri-id=\"513-c10\" class=\"h-text h-text-component style-289 style-local-513-c10 position-relative h-element\">\n                  <!---->\n                  <!---->\n                  <div class=\"\">\n                    <p>Con formaci\u00f3n pr\u00e1ctica en mecanizado, el camino de esta empresa comienza con un peque\u00f1o taller, muy poca maquinara pero gran ilusi\u00f3n. La constancia y el trabajo nos permiten so\u00f1ar con poder crecer como empresa del sector.<\/p>\n                  <\/div>\n                <\/div>\n              <\/div>\n            <\/div>\n          <\/div>\n          <div class=\"h-column h-column-container d-flex h-col-lg-6 h-col-md-6 h-col-12 style-286-outer style-local-513-c11-outer\">\n            <div data-colibri-id=\"513-c11\" class=\"d-flex h-flex-basis h-column__inner h-px-lg-2 h-px-md-2 h-px-2 v-inner-lg-2 v-inner-md-2 v-inner-2 style-286 style-local-513-c11 position-relative\">\n              <!---->\n              <!---->\n              <div class=\"w-100 h-y-container h-column__content h-column__v-align flex-basis-100 align-self-lg-start align-self-md-start align-self-start\">\n                <!---->\n                <div data-colibri-id=\"513-c12\" class=\"h-icon style-287 style-local-513-c12 position-relative h-element\">\n                  <!----><span class=\"h-svg-icon h-icon__icon style-287-icon style-local-513-c12-icon\"><!--Icon by Icons8 Line Awesome (https:\/\/icons8.com\/line-awesome)--><svg version=\"1.1\" xmlns=\"http:\/\/www.w3.org\/2000\/svg\" xmlns:xlink=\"http:\/\/www.w3.org\/1999\/xlink\" id=\"group\" viewBox=\"0 0 512 545.5\"><path d=\"M128 144c52.83 0 96 43.17 96 96 0 31.74-15.602 60-39.5 77.5 23.336 11.593 42.876 29.785 55.5 52.5 12.624-22.715 32.164-40.907 55.5-52.5C271.602 300 256 271.74 256 240c0-52.83 43.17-96 96-96s96 43.17 96 96c0 31.74-15.602 60-39.5 77.5C450.7 338.465 480 381.827 480 432h-32c0-53.21-42.79-96-96-96s-96 42.79-96 96h-32c0-53.21-42.79-96-96-96s-96 42.79-96 96H0c0-50.173 29.3-93.535 71.5-114.5C47.602 300 32 271.74 32 240c0-52.83 43.17-96 96-96zm0 32c-35.536 0-64 28.464-64 64s28.464 64 64 64 64-28.464 64-64-28.464-64-64-64zm224 0c-35.536 0-64 28.464-64 64s28.464 64 64 64 64-28.464 64-64-28.464-64-64-64z\"><\/path><\/svg><\/span><\/div>\n                <div\n                  data-colibri-id=\"513-c13\" class=\"h-global-transition-all h-heading style-288 style-local-513-c13 position-relative h-element\">\n                  <!---->\n                  <div class=\"h-heading__outer style-288 style-local-513-c13\">\n                    <!---->\n                    <!---->\n                    <h1 class=\"\">Ampliaciones<\/h1>\n                  <\/div>\n              <\/div>\n              <div data-colibri-id=\"513-c14\" class=\"h-text h-text-component style-289 style-local-513-c14 position-relative h-element\">\n                <!---->\n                <!---->\n                <div class=\"\">\n                  <p>Avanzando despacio, pero con paso firme, Talleres Disfran Moreno amplia sus espacios y servicios para satisfacer las necesidades de los clientes. Pasamos del inicial taller a tres naves que nos permiten la adquisici\u00f3n de nueva maquinaria.<\/p>\n                <\/div>\n              <\/div>\n              <div data-colibri-id=\"513-c15\" class=\"h-x-container style-290 style-local-513-c15 position-relative h-element\">\n                <!---->\n                <div class=\"h-x-container-inner style-dynamic-513-c15-group style-290-spacing style-local-513-c15-spacing\"><span class=\"h-link__outer style-291-outer style-local-513-c16-outer d-inline-flex h-element\"><a h-use-smooth-scroll=\"true\" href=\"https:\/\/disfranmoreno.com\/?page_id=420\"  data-colibri-id=\"513-c16\" class=\"d-flex w-100 align-items-center h-link style-291 style-local-513-c16 position-relative\"><!----><!----> <span>Leer m\u00e1s<\/span><\/a>\n                  <\/span>\n                <\/div>\n              <\/div>\n            <\/div>\n          <\/div>\n        <\/div>\n        <div class=\"h-column h-column-container d-flex h-col-lg-6 h-col-md-6 h-col-12 style-286-outer style-local-513-c17-outer\">\n          <div data-colibri-id=\"513-c17\" class=\"d-flex h-flex-basis h-column__inner h-px-lg-2 h-px-md-2 h-px-2 v-inner-lg-2 v-inner-md-2 v-inner-2 style-286 style-local-513-c17 position-relative\">\n            <!---->\n            <!---->\n            <div class=\"w-100 h-y-container h-column__content h-column__v-align flex-basis-100 align-self-lg-start align-self-md-start align-self-start\">\n              <!---->\n              <div data-colibri-id=\"513-c18\" class=\"h-icon style-287 style-local-513-c18 position-relative h-element\">\n                <!----><span class=\"h-svg-icon h-icon__icon style-287-icon style-local-513-c18-icon\"><!--Icon by Icons8 Line Awesome (https:\/\/icons8.com\/line-awesome)--><svg version=\"1.1\" xmlns=\"http:\/\/www.w3.org\/2000\/svg\" xmlns:xlink=\"http:\/\/www.w3.org\/1999\/xlink\" id=\"industry\" viewBox=\"0 0 512 545.5\"><path d=\"M320 112h112v352H80V247l8-4.5 80-48 24-15V228l56-33.5 24-15V228l48-28.5V112zm32 32v73l-8 4.5-80 48-24 15V236l-56 33.5-24 15V236l-48 28.5V432h288V144h-48zM144 304h32v32h-32v-32zm64 0h32v32h-32v-32zm64 0h32v32h-32v-32zm64 0h32v32h-32v-32zm-192 64h32v32h-32v-32zm64 0h32v32h-32v-32zm64 0h32v32h-32v-32zm64 0h32v32h-32v-32z\"><\/path><\/svg><\/span><\/div>\n              <div\n                data-colibri-id=\"513-c19\" class=\"h-global-transition-all h-heading style-288 style-local-513-c19 position-relative h-element\">\n                <!---->\n                <div class=\"h-heading__outer style-288 style-local-513-c19\">\n                  <!---->\n                  <!---->\n                  <h1 class=\"\">Actualmente<\/h1>\n                <\/div>\n            <\/div>\n            <div data-colibri-id=\"513-c20\" class=\"h-text h-text-component style-289 style-local-513-c20 position-relative h-element\">\n              <!---->\n              <!---->\n              <div class=\"\">\n                <p>Actualmente nuestras instalaciones est\u00e1n situadas en pleno coraz\u00f3n industrial de la Mancha, en el pol\u00edgono Alces de Alc\u00e1zar de San Juan, lo que nos permite nutrirnos de grandes empresas aleda\u00f1as, mejorando la calidad y necesidades ante\n                  un nuevo futuro.<\/p>\n              <\/div>\n            <\/div>\n            <div data-colibri-id=\"513-c21\" class=\"h-x-container style-290 style-local-513-c21 position-relative h-element\">\n              <!---->\n              <div class=\"h-x-container-inner style-dynamic-513-c21-group style-290-spacing style-local-513-c21-spacing\"><span class=\"h-link__outer style-291-outer style-local-513-c22-outer d-inline-flex h-element\"><a h-use-smooth-scroll=\"true\" href=\"https:\/\/disfranmoreno.com\/?page_id=474\"  data-colibri-id=\"513-c22\" class=\"d-flex w-100 align-items-center h-link style-291 style-local-513-c22 position-relative\"><!----><!----> <span>Leer m\u00e1s<\/span><\/a>\n                <\/span>\n              <\/div>\n            <\/div>\n          <\/div>\n        <\/div>\n      <\/div>\n    <\/div>\n  <\/div>\n<\/div>\n<\/div>\n<\/div>","protected":false},"excerpt":{"rendered":"<p>Trayectoria Con formaci\u00f3n pr\u00e1ctica en mecanizado, el camino de esta empresa comienza con un peque\u00f1o taller, muy poca maquinara pero gran ilusi\u00f3n. La constancia y el trabajo nos permiten so\u00f1ar con poder crecer como empresa del sector. Ampliaciones Avanzando despacio, pero con paso firme, Talleres Disfran Moreno amplia sus espacios y servicios para satisfacer las [&hellip;]<\/p>\n","protected":false},"author":1,"featured_media":0,"parent":0,"menu_order":0,"comment_status":"closed","ping_status":"closed","template":"page-templates\/full-width-page.php","meta":{"footnotes":""},"class_list":["post-513","page","type-page","status-publish","hentry"],"jetpack_sharing_enabled":true,"_links":{"self":[{"href":"https:\/\/disfranmoreno.com\/index.php?rest_route=\/wp\/v2\/pages\/513","targetHints":{"allow":["GET"]}}],"collection":[{"href":"https:\/\/disfranmoreno.com\/index.php?rest_route=\/wp\/v2\/pages"}],"about":[{"href":"https:\/\/disfranmoreno.com\/index.php?rest_route=\/wp\/v2\/types\/page"}],"author":[{"embeddable":true,"href":"https:\/\/disfranmoreno.com\/index.php?rest_route=\/wp\/v2\/users\/1"}],"replies":[{"embeddable":true,"href":"https:\/\/disfranmoreno.com\/index.php?rest_route=%2Fwp%2Fv2%2Fcomments&post=513"}],"version-history":[{"count":10,"href":"https:\/\/disfranmoreno.com\/index.php?rest_route=\/wp\/v2\/pages\/513\/revisions"}],"predecessor-version":[{"id":873,"href":"https:\/\/disfranmoreno.com\/index.php?rest_route=\/wp\/v2\/pages\/513\/revisions\/873"}],"wp:attachment":[{"href":"https:\/\/disfranmoreno.com\/index.php?rest_route=%2Fwp%2Fv2%2Fmedia&parent=513"}],"curies":[{"name":"wp","href":"https:\/\/api.w.org\/{rel}","templated":true}]}}