{"id":511,"date":"2021-02-25T17:05:06","date_gmt":"2021-02-25T17:05:06","guid":{"rendered":"http:\/\/localhost\/wordpress\/wordpress\/?page_id=2"},"modified":"2025-01-20T23:23:01","modified_gmt":"2025-01-20T22:23:01","slug":"pagina-ejemplo-2","status":"publish","type":"page","link":"https:\/\/disfranmoreno.com\/?page_id=511","title":{"rendered":"Empecemos"},"content":{"rendered":"<div class=\"style-274 style-local-511-c1 position-relative\" data-colibri-id=\"511-c1\">\n<div id=\"content\" class=\"h-section h-section-global-spacing d-flex align-items-lg-center align-items-md-center align-items-center style-331 style-local-511-c2 position-relative\" data-colibri-component=\"section\" data-colibri-id=\"511-c2\">\n<div class=\"h-section-grid-container h-section-boxed-container\">\n<div class=\"h-row-container gutters-row-lg-2 gutters-row-md-2 gutters-row-0 gutters-row-v-lg-2 gutters-row-v-md-2 gutters-row-v-2 style-332 style-local-511-c3 position-relative\" data-colibri-id=\"511-c3\">\n<div class=\"h-row justify-content-lg-center justify-content-md-center justify-content-center align-items-lg-stretch align-items-md-stretch align-items-stretch gutters-col-lg-2 gutters-col-md-2 gutters-col-0 gutters-col-v-lg-2 gutters-col-v-md-2 gutters-col-v-2\">\n<div class=\"h-column h-column-container d-flex h-col-lg-6 h-col-md-6 h-col-12 style-333-outer style-local-511-c4-outer\">\n<div class=\"d-flex h-flex-basis h-column__inner h-px-lg-2 h-px-md-2 h-px-2 v-inner-lg-2 v-inner-md-2 v-inner-2 style-333 style-local-511-c4 position-relative\" data-colibri-id=\"511-c4\">\n<div class=\"w-100 h-y-container h-column__content h-column__v-align flex-basis-100 align-self-lg-start align-self-md-start align-self-start\">\n<div class=\"h-global-transition-all h-heading style-334 style-local-511-c5 position-relative h-element\" data-colibri-id=\"511-c5\">\n<div class=\"h-heading__outer style-334 style-local-511-c5\">\n<h1 class=\"\">Bienvenidos<\/h1>\n<\/div>\n<\/div>\n<div class=\"h-text h-text-component style-335 style-local-511-c6 position-relative h-element\" data-colibri-id=\"511-c6\">\n<div class=\"\">\n\nBienvenidos a nuestra web! Aqu\u00ed podr\u00e1n saber mas de Disfran, los or\u00edgenes, el crecimiento y la actualidad, mostrando peque\u00f1as dosis de nuestro trabajo.\n\nDeseamos dejar una buena impresi\u00f3n y en caso de necesitarlo no duden en\n<a style=\"color: #03a9f4; font-size: 1em; font-weight: 400; font-family: 'Open Sans';\" href=\"https:\/\/tdmwordpress.disfranmoreno.com\/wordpress_x\/?page_id=516\" data-wplink-url-error=\"true\">contactar<\/a>\u00a0con nosotros.\n\nTrabajamos cada d\u00eda para ofrecer lo mejor.\n\n<\/div>\n<\/div>\n<\/div>\n<\/div>\n<\/div>\n<div class=\"h-column h-column-container d-flex h-col-lg-6 h-col-md-6 h-col-12 style-338-outer style-local-511-c7-outer\">\n<div class=\"d-flex h-flex-basis h-column__inner h-ui-empty-state-container h-px-lg-2 h-px-md-2 h-px-2 v-inner-lg-2 v-inner-md-2 v-inner-2 style-338 style-local-511-c7 position-relative\" data-colibri-id=\"511-c7\">\n<div class=\"w-100 h-y-container h-column__content h-column__v-align flex-basis-100\"><\/div>\n<\/div>\n<\/div>\n<\/div>\n<\/div>\n<\/div>\n<\/div>\n<\/div>","protected":false},"excerpt":{"rendered":"<p>Bienvenidos Bienvenidos a nuestra web! Aqu\u00ed podr\u00e1n saber mas de Disfran, los or\u00edgenes, el crecimiento y la actualidad, mostrando peque\u00f1as dosis de nuestro trabajo. Deseamos dejar una buena impresi\u00f3n y en caso de necesitarlo no duden en contactar\u00a0con nosotros. Trabajamos cada d\u00eda para ofrecer lo mejor.<\/p>\n","protected":false},"author":1,"featured_media":0,"parent":0,"menu_order":0,"comment_status":"closed","ping_status":"closed","template":"page-templates\/full-width-page.php","meta":{"footnotes":""},"class_list":["post-511","page","type-page","status-publish","hentry"],"jetpack_sharing_enabled":true,"_links":{"self":[{"href":"https:\/\/disfranmoreno.com\/index.php?rest_route=\/wp\/v2\/pages\/511","targetHints":{"allow":["GET"]}}],"collection":[{"href":"https:\/\/disfranmoreno.com\/index.php?rest_route=\/wp\/v2\/pages"}],"about":[{"href":"https:\/\/disfranmoreno.com\/index.php?rest_route=\/wp\/v2\/types\/page"}],"author":[{"embeddable":true,"href":"https:\/\/disfranmoreno.com\/index.php?rest_route=\/wp\/v2\/users\/1"}],"replies":[{"embeddable":true,"href":"https:\/\/disfranmoreno.com\/index.php?rest_route=%2Fwp%2Fv2%2Fcomments&post=511"}],"version-history":[{"count":5,"href":"https:\/\/disfranmoreno.com\/index.php?rest_route=\/wp\/v2\/pages\/511\/revisions"}],"predecessor-version":[{"id":761,"href":"https:\/\/disfranmoreno.com\/index.php?rest_route=\/wp\/v2\/pages\/511\/revisions\/761"}],"wp:attachment":[{"href":"https:\/\/disfranmoreno.com\/index.php?rest_route=%2Fwp%2Fv2%2Fmedia&parent=511"}],"curies":[{"name":"wp","href":"https:\/\/api.w.org\/{rel}","templated":true}]}}